
9
What is the hundred millions digit of 144521950?
1
What is the ten millions digit of 168121682?
6
What is the millions digit of 90067737?
0
What is the millions digit of 15620972?
5
What is the hundred millions digit of 245047037?
2
What is the units digit of 455332430?
0
What is the tens digit of 75080923?
2
What is the millions digit of 27057451?
7
What is the billions digit of 1572075926?
1
What is the hundreds digit of 2204343815?
8
What is the thousands digit of 46176641?
6
What is the units digit of 893932871?
1
What is the hundreds digit of 1404591061?
0
What is the thousands digit of 595142394?
2
What is the units digit of 190572694?
4
What is the units digit of 42007959?
9
What is the hundreds digit of 36479233?
2
What is the hundred millions digit of 1165827944?
1
What is the millions digit of 41659863?
1
What is the tens digit of 887068558?
5
What is the units digit of 71673349?
9
What is the millions digit of 11857699?
1
What is the hundreds digit of 738186906?
9
What is the ten thousands digit of 45456248?
5
What is the units digit of 2737909616?
6
What is the hundred thousands digit of 93153433?
1
What is the ten thousands digit of 11487045?
8
What is the thousands digit of 1621766170?
6
What is the ten millions digit of 1184545398?
8
What is the ten millions digit of 570423687?
7
What is the tens digit of 810436453?
5
What is the millions digit of 1482132787?
2
What is the tens digit of 499652952?
5
What is the ten millions digit of 1960381914?
6
What is the ten thousands digit of 3033604105?
0
What is the millions digit of 8424519421?
4
What is the units digit of 345827921?
1
What is the units digit of 142120017?
7
What is the hundred millions digit of 188027775?
1
What is the thousands digit of 108829580?
9
What is the ten millions digit of 45423603?
4
What is the hundred thousands digit of 335197676?
1
What is the millions digit of 1861830043?
1
What is the units digit of 538801050?
0
What is the millions digit of 398723888?
8
What is the tens digit of 194201018?
1
What is the hundred thousands digit of 911569576?
5
What is the ten thousands digit of 2133007936?
0
What is the hundreds digit of 1224498534?
5
What is the hundred thousands digit of 54750440?
7
What is the hundred thousands digit of 38363034?
3
What is the hundred thousands digit of 19557148?
5
What is the ten thousands digit of 49713307?
1
What is the units digit of 138901665?
5
What is the billions digit of 3071461572?
3
What is the tens digit of 1243575609?
0
What is the thousands digit of 194902503?
2
What is the ten millions digit of 30777819?
3
What is the hundreds digit of 1686498?
4
What is the hundreds digit of 228307632?
6
What is the hundred thousands digit of 116298536?
2
What is the tens digit of 44001425?
2
What is the ten thousands digit of 48613759?
1
What is the hundreds digit of 11373737?
7
What is the thousands digit of 43331715?
1
What is the millions digit of 221346988?
1
What is the units digit of 2378533714?
4
What is the units digit of 323757676?
6
What is the hundreds digit of 3019678162?
1
What is the ten thousands digit of 596091164?
9
What is the units digit of 77212057?
7
What is the billions digit of 1494000541?
1
What is the hundreds digit of 29287321?
3
What is the hundred thousands digit of 108725999?
7
What is the units digit of 54599706?
6
What is the thousands digit of 1979204431?
4
What is the millions digit of 21031892?
1
What is the hundreds digit of 431959084?
0
What is the tens digit of 905634615?
1
What is the units digit of 1045656315?
5
What is the tens digit of 4780133970?
7
What is the ten millions digit of 43132470?
4
What is the hundred thousands digit of 3891547091?
5
What is the billions digit of 2880710225?
2
What is the hundreds digit of 2074449407?
4
What is the thousands digit of 31378517?
8
What is the tens digit of 13751880?
8
What is the hundred thousands digit of 36527945?
5
What is the thousands digit of 67422344?
2
What is the hundred thousands digit of 1637030562?
0
What is the ten millions digit of 1207440993?
0
What is the thousands digit of 996756476?
6
What is the units digit of 444545792?
2
What is the thousands digit of 373451844?
1
What is the units digit of 57167612?
2
What is the billions digit of 3502271059?
3
What is the hundreds digit of 397371645?
6
What is the ten millions digit of 2656614677?
5
What is the tens digit of 99880360?
6
What is the thousands digit of 130874006?
4
What is the hundred millions digit of 264704436?
2
What is the billions digit of 1723692782?
1
What is the units digit of 27442219?
9
What is the tens digit of 182527943?
4
What is the thousands digit of 36092661?
2
What is the ten millions digit of 222321257?
2
What is the hundreds digit of 1420496403?
4
What is the tens digit of 758188694?
9
What is the ten millions digit of 13157955?
1
What is the ten millions digit of 283582903?
8
What is the hundred millions digit of 5242360489?
2
What is the thousands digit of 175271844?
1
What is the units digit of 285457394?
4
What is the hundred millions digit of 139430882?
1
What is the tens digit of 1887792600?
0
What is the ten millions digit of 1434083083?
3
What is the hundred thousands digit of 2335471235?
4
What is the thousands digit of 2937051067?
1
What is the units digit of 264606012?
2
What is the units digit of 373592818?
8
What is the millions digit of 568597813?
8
What is the thousands digit of 5227073850?
3
What is the hundred thousands digit of 518555439?
5
What is the hundreds digit of 127391190?
1
What is the ten millions digit of 245761373?
4
What is the hundred thousands digit of 107566859?
5
What is the hundred thousands digit of 113046220?
0
What is the ten thousands digit of 11337277?
3
What is the units digit of 798232760?
0
What is the ten millions digit of 69575988?
6
What is the thousands digit of 17169686?
9
What is the units digit of 58009932?
2
What is the ten thousands digit of 70982589?
8
What is the ten thousands digit of 38631199?
3
What is the ten millions digit of 1500574387?
0
What is the millions digit of 1214919?
1
What is the hundred thousands digit of 3997643062?
6
What is the ten millions digit of 241364568?
4
What is the tens digit of 416071312?
1
What is the thousands digit of 126479783?
9
What is the ten thousands digit of 5257864382?
6
What is the units digit of 465646136?
6
What is the billions digit of 4864736344?
4
What is the hundred thousands digit of 75341582?
3
What is the millions digit of 4967632335?
7
What is the ten millions digit of 23738792?
2
What is the hundred millions digit of 182116425?
1
What is the hundred thousands digit of 4854448262?
4
What is the tens digit of 50447573?
7
What is the thousands digit of 92965334?
5
What is the thousands digit of 2244480390?
0
What is the tens digit of 512428813?
1
What is the units digit of 712967708?
8
What is the hundred millions digit of 754889900?
7
What is the ten millions digit of 2175672298?
7
What is the thousands digit of 37476007?
6
What is the ten millions digit of 319593735?
1
What is the hundred thousands digit of 803979?
8
What is the billions digit of 1265292491?
1
What is the ten millions digit of 1830719374?
3
What is the ten millions digit of 659186081?
5
What is the ten thousands digit of 119722892?
2
What is the hundred millions digit of 167526348?
1
What is the hundred thousands digit of 216242461?
2
What is the hundred thousands digit of 362717561?
7
What is the hundred thousands digit of 2745922?
7
What is the units digit of 92896717?
7
What is the units digit of 83624053?
3
What is the thousands digit of 1926618666?
8
What is the hundred thousands digit of 978797045?
7
What is the tens digit of 9177055425?
2
What is the thousands digit of 21664770?
4
What is the hundred thousands digit of 1581384010?
3
What is the hundred thousands digit of 4036480915?
4
What is the hundreds digit of 4613820459?
4
What is the millions digit of 47265952?
7
What is the millions digit of 11226270?
1
What is the hundred thousands digit of 53342071?
3
What is the thousands digit of 153320370?
0
What is the thousands digit of 1887186940?
6
What is the units digit of 54436602?
2
What is the tens digit of 527865143?
4
What is the ten thousands digit of 934435215?
3
W